5 - -14. Give g(p).
1
Let o(v) = -v**2 + 23*v - 119. Let k be o(16). Let u(y) = 5*y - 18. Let i(j) = 6*j - 20. Let c(z) = k*u(z) + 6*i(z). What is c(-5)?
1
Suppose 18 = 178*v - 172*v. Let l(u) = 2*u - 4. Let f = -32 - -22. Let b(h) = h - 2. Let z(w) = f*b(w) + 4*l(w). Give z(v).
-2
Suppose 2 = -a + 8. Let r(j) = 6*j**3 + 9*j**2 + 9*j + 1. Let b = -59 + 54. Let s(n) = 7*n**3 + 10*n**2 + 10*n. Let x(c) = a*r(c) + b*s(c). What is x(-4)?
-10
Let u(y) be the third derivative of y**5/60 - y**4/4 + y**3/6 + 3*y**2 - 61. Give u(10).
41
Let s(p) = -p. Let c = -3 + 4. Let t(o) = -10*o - 3. Let x(u) = c*t(u) - 6*s(u). Let v be (-54)/(-36)*(-3)/(9/4). Calculate x(v).
5
Let q(h) = h - 28. Let t = -2509 - -2503. Give q(t).
-34
Let j(x) = -x**3 - 14*x**2 + 19*x + 51. Let h(m) = -m**3 + 6*m - 19. Let g be h(2). What is j(g)?
-9
Suppose -2*k + 4 = 4*r, 5*k - 8 - 2 = 4*r. Let z be (-2)/(r + 4/(-10)). Let q(p) = -z*p + 130 + 3*p - 127. What is q(-3)?
9
Let b(w) = 73*w - 57. Let l(m) = 130*m - 118. Let q(v) = 7*b(v) - 4*l(v). Give q(8).
1
Suppose 0 = 5*n - n - 5*a - 41, -2*a = 10. Let z = 1 + n. Let w(j) = 6*j**2 + 0*j - 4*j + 1 - 3*j**2 - j**3 + 3*j**2. Give w(z).
6
Let f(p) = -471*p - 965. Let d(o) = -85*o - 193. Let i(g) = -11*d(g) + 2*f(g). Calculate i(28).
-3
Let v(q) = -q**2 - 7*q + 9. Let d be 4/(-10)*(40 + -20). Let k be 48/d - (2 + 0). Give v(k).
1
Let t(q) = q**2 - 6*q. Let s(i) = -i**3 - 8*i**2 - 12*i - 30. Let u = 409 - 416. Let j be s(u). What is t(j)?
-5
Let u(w) = 193 - w**2 + 0*w**2 - 92 - 114 + 11*w. What is u(13)?
-39
Let n(s) = -s**3 + 10*s**2 - 9*s - 18. Let g = -985 + 994. What is n(g)?
-18
Let f(j) = j**2 - 31*j - 57. Let c(d) = -5*d**2 + 124*d + 230. Let x(v) = 3*c(v) + 13*f(v). Give x(-15).
-36
Let p(c) = c**2 + c - 1. Suppose 5*s + 2*w = w - 18, -2*w = -4. Suppose -3*t + 0*t = 0. Let g be (t/((1 + -5)/(-4)))/s. Determine p(g).
-1
Let p(s) be the first derivative of s**4/4 + 4*s**3 - 7*s**2 - 10*s - 4564. Give p(-12).
158
Let s(f) be the second derivative of -f**5/20 + 7*f**4/12 + 3*f**3/2 - 2*f**2 + f. Let z be ((-10)/(-2) - 9) + 53/(954/216). Determine s(z).
4
Let w be (14 - (-4 - -6))*(-2)/(-8). Suppose w*l + 86 = 104. Let p(t) = -5*t - 7. Let r(o) = -4*o - 6. Let b(y) = 3*p(y) - 4*r(y). Determine b(l).
9
Suppose -497 - 5092 = -640*y + 19*y. Let j(q) = 6*q - 39. Calculate j(y).
15
Let w(t) = -t**2 + 7*t. Let d be 10/4 + (-560)/(-32). Suppose -2*q + 0*g = -2*g - 4, q + 5*g = d. Determine w(q).
10
Let c(t) = t**3 + 10*t**2 - 47*t + 18. Let j(o) = -5*o**3 - 52*o**2 + 238*o - 90. Let a(l) = -31*c(l) - 6*j(l). Give a(6).
12
Let j(x) = -8*x**2 - 72*x - 183. Let o(l) = 4*l**2 + 36*l + 99. Let h(w) = 3*j(w) + 5*o(w). Give h(-7).
2
Suppose -d - 22 = 3*j, 3*d + 3 - 9 = 0. Let a be 309/45 + (j/60)/(-1). Let k(c) be the first derivative of -c**4/4 + 7*c**3/3 + c**2 - 8*c - 6. Give k(a).
6
Let l(u) be the third derivative of -u**5/60 - 5*u**4/24 - u**3/3 + 2*u**2 - 20*u. Let x be l(-6). Let v(w) = -2 - 7 + w**2 - 3*w + 11*w. Give v(x).
-9
Let i(c) = c**2 + c + 3. Let h be (-4)/14 - 1819/(-119). Suppose 10 = -5*a - h. Give i(a).
23
Let d(z) = 21*z**2 - 21*z**2 + 3 - z**3 + 2*z. Suppose 3*f = -2*m + 5, 4*m = -2*f + 18 - 20. Calculate d(m).
7
Let n(f) = 4*f + 36. Let z be n(-8). Let s(g) = 10 - z*g + 14*g + g**2 - g. Determine s(-7).
-4
Let n(y) = y**3 - 5*y**2 - 9*y + 4. Let r(j) = 2*j**2 - 208*j + 6. Let p be r(104). Determine n(p).
-14
Suppose -l + 1 = 0, -2*s + 0*s - l + 11 = 0. Suppose -4*t + 2*w = 262, 0 = -s*t + 4*t + w - 63. Let p = t + 62. Let a(x) = x**2 + 6*x - 4. What is a(p)?
-4
Let b(m) = 3*m - 59. Suppose 111 = 5*j + 3*g, 97 = 103*j - 98*j - 4*g. Calculate b(j).
4
Suppose -68 = -446*l + 450*l + 4*v, -2*l - v - 26 = 0. Let f(d) = -d**2 - 7*d + 23. Calculate f(l).
5
Let i(k) = -k**2 + 3*k + 6. Let p be i(5). Let l = 5 - 4. Let f(o) = -l - 181*o - 179*o + 3*o**2 + 2 + o**3 + 358*o. Give f(p).
-7
Let p(o) be the third derivative of -o**6/720 - 3*o**5/40 + 13*o**4/24 - 17*o**2 - 1. Let v(g) be the second derivative of p(g). What is v(-6)?
-3
Suppose -17 = 3*x + u, -u = 4 - 2. Let b(i) = -i**2 + i + 1. Let j(k) = 6*k**2 - 10*k. Let l(r) = x*b(r) - j(r). What is l(6)?
-11
Let y(d) = d**2 - 3*d + 89. Let g = -31746 - -31746. What is y(g)?
89
Let c(y) = 1295 + 1344 - 3*y + 6*y - 2741. Calculate c(26).
-24
Let s(n) be the second derivative of -n**5/20 + 17*n**4/12 + 5*n**3/3 + 133*n**2/2 + 1268*n. What is s(18)?
-11
Let l = 7914 - 7901. Let j(q) = 2*q - 23. What is j(l)?
3
Let w be (600/1200)/(((-7)/10)/(-7)). Let n(u) = u + 1. Let q(i) = -i + 5. Let p(z) = -2*n(z) - q(z). Let c(f) = 6. Let x(v) = 3*c(v) + 2*p(v). Calculate x(w).
-6
Let y(g) = -g + 287 - 571 + 255. Determine y(-12).
-17
Let k(m) = -218 + 486 - 131 + 48*m**2 + m - 136. Give k(1).
50
Let j be (0 - 2/10)/((-106)/1060). Let t(z) = 0*z**3 + 4*z**3 + 1 + z + 6 + 9*z**j - 5*z**3. Determine t(9).
16
Let p(z) = -2*z**3 - 5*z**2 + 6*z + 2. Let j(x) = -x**3 - 4*x**2 + 5*x + 2. Let v(q) = -7*j(q) + 6*p(q). Let m be (-4)/(-62) - (2 + (-976)/248). What is v(m)?
-48
Let z(p) = p**2 + 4*p**2 - 148 + 49*p - 39*p - 4*p**2 + 159. What is z(0)?
11
Suppose -3*k + 103 = d + 1, 0 = 2*k + 8. Let b(w) = 3*w**2 + d + w - 114 + 2*w. What is b(-2)?
6
Let h(k) = -k**3 + 5*k**2 - 6*k + 3. Let b be 2 + (-6 - -4) - -3. Let t be h(b). Let i(u) = u**t + 22*u**2 - 4*u - 16*u**2 - 3*u - 8. Calculate i(-7).
-8
Suppose -2*f = 5*i - 103, -97 - 2 = -5*i - f. Suppose -7 = i*v - 26*v. Let k(z) = -z + 2. What is k(v)?
1
Let l(f) = 3*f - 3. Let h be l(2). Let n(g) = h - 6*g - 4*g + 6*g. Suppose 0 = -2*u + 6*u + 16. Calculate n(u).
19
Let u(b) be the first derivative of 3*b**4/4 - 2*b**3/3 + 3*b**2 - 13*b + 6594. Give u(2).
15
Suppose -4*n + 42*n + 462 = -39*n. Let q(m) = 3*m - 2. Let w(c) = c - 1. Let a(f) = -4*q(f) + 9*w(f). Give a(n).
17
Let k(v) = -v - 1. Let f = -16311 + 16319. Calculate k(f).
-9
Let s(z) = 16*z - 7 - 10*z + 0*z**2 - z**2 + z + z. Determine s(7).
0
Let t(y) be the first derivative of -y**4/2 - 2*y**3/3 + 2*y - 601. Let k = -8 - -6. Give t(k).
10
Suppose 4*z - 10 = -i, -30*z + 47 = 3*i - 35*z. Let b(u) be the second derivative of 1/2*u**2 + 0 + 5/12*u**4 + i*u + 1/20*u**5 - 5/6*u**3. Determine b(-6).
-5
Let p(f) = -f**3 - 4*f**2 + 3*f - 5. Let j = 136 + -135. Let k be (10/((-2)/j))/(-58 + 59). Calculate p(k).
5
Let m(d) = -2*d**3 + 7*d**2 + 8*d - 17. Let g be (-14)/5*10/(-7). Calculate m(g).
-1
Let g(d) = -d**2 - 17*d - 12. Let w be g(-15). Let f(a) be the first derivative of a**2/2 - 11*a - 1182. Give f(w).
7
Let t(q) = 1 + 7 - 18515*q + 18525*q. What is t(3)?
38
Let t = -430 + 625. Let j = t - 189. Let w(d) = -d + 5. Give w(j).
-1
Let i(l) be the first derivative of l**5/30 + l**4/24 - l**3/3 + 30*l - 52. Let c(t) be the third derivative of i(t). What is c(1)?
5
Let j(h) = h - 74. Let t(q) = 238*q + 9541. Let a be t(-40). Give j(a).
-53
Let b = 3719 - 3729. Let h(m) = m**3 + 10*m**2 - 3*m - 15. Determine h(b).
15
Let k(y) = 0 + 0*y**2 - y**2 - 4*y - 2. Let v(f) = 15*f**2 + 13*f - 125. Let a be v(8). Let b = a - 944. What is k(b)?
-7
Let f(w) = 9*w + 8. Let l = 996 + -978. Suppose -l*r - 91 = 35. What is f(r)?
-55
Suppose 0 = -r - 5*m - 162, 2*m - 202 = r - 12. Let h = r + 176. Let c(s) = -5*s**2 - 9 - 8*s - 3*s**2 + s**2 - s**3. Give c(h).
3
Let q(o) be the third derivative of -o**6/120 + 2*o**5/15 - o**4/4 - 4*o**2. Let x(g) = 44*g + 2*g**2 - 2 - g**2 - 27*g + 25. Let n be x(-16). What is q(n)?
7
Let f(b) = 65*b - 6 - 22*b - 23*b - 16*b. Give f(12).
42
Let a(t) = -t**2 + 21*t - 34. Let x be a(19). Suppose x = 10*v + 54. Let g(k) = k**2 + 7*k + 2. Give g(v).
-8
Let k(z) = z**3 + z**2 - 2*z. Suppose p = 2*p. Suppose p = 2*y + 4*n - 142, 7*n = 2*n + 10. Let t = y + -69. Calculate k(t).
0
Let m = -171 + 173. Let y(a) = -21*a + 31. Let u be y(m). Let v(l) = -l**3 - 10*l**2 + 13*l + 11. What is v(u)?
-11
Let c(t) = -t - 13. Suppose 7*n + 70 - 44 - 47 = 0. Give c(n).
-16
Suppose 5*s = x + 2 + 7, -4*x = 3*s + 13. Let y be (-5 + 84/18)*(-36)/4. Let p(h) = 10*h + y*h**3 - 4*h**3 - 29*h**2 + 2 + 26*h**2 - 4*h. Calculate p(x).
-6
Suppose 3*i + 51 = 3*g, 17*i = 3*g + 13*i - 52. Let x(o) = -g*o + 32*o - 15*o. Let u be (1*-1)/(2/6). What is x(u)?
-3
Let y(r) = 6*r + 35. Let o(d) = 4*d + 33. Let z be (-95)/380*(